
2, 11, 127
List the prime factors of 3053.
43, 71
What are the prime factors of 730?
2, 5, 73
List the prime factors of 35291.
35291
List the prime factors of 2181.
3, 727
List the prime factors of 629.
17, 37
What are the prime factors of 886?
2, 443
List the prime factors of 4154.
2, 31, 67
What are the prime factors of 1704?
2, 3, 71
What are the prime factors of 71545?
5, 41, 349
List the prime factors of 15620.
2, 5, 11, 71
What are the prime factors of 451?
11, 41
List the prime factors of 1502.
2, 751
List the prime factors of 26590.
2, 5, 2659
List the prime factors of 9591.
3, 23, 139
List the prime factors of 3937.
31, 127
What are the prime factors of 4727?
29, 163
What are the prime factors of 771?
3, 257
List the prime factors of 7493.
59, 127
What are the prime factors of 3127?
53, 59
List the prime factors of 8950.
2, 5, 179
What are the prime factors of 1143?
3, 127
What are the prime factors of 6620?
2, 5, 331
List the prime factors of 5651.
5651
List the prime factors of 249.
3, 83
List the prime factors of 36208.
2, 31, 73
List the prime factors of 4953.
3, 13, 127
List the prime factors of 6227.
13, 479
What are the prime factors of 4617?
3, 19
List the prime factors of 13.
13
What are the prime factors of 4108?
2, 13, 79
List the prime factors of 1125.
3, 5
List the prime factors of 994.
2, 7, 71
List the prime factors of 21818.
2, 10909
What are the prime factors of 17949?
3, 31, 193
What are the prime factors of 17313?
3, 29, 199
List the prime factors of 461.
461
What are the prime factors of 17300?
2, 5, 173
What are the prime factors of 13497?
3, 11, 409
List the prime factors of 8152.
2, 1019
List the prime factors of 3484.
2, 13, 67
List the prime factors of 24779.
71, 349
What are the prime factors of 5872?
2, 367
What are the prime factors of 7263?
3, 269
What are the prime factors of 903?
3, 7, 43
List the prime factors of 75701.
17, 61, 73
List the prime factors of 1261.
13, 97
What are the prime factors of 476?
2, 7, 17
What are the prime factors of 18223?
18223
List the prime factors of 57314.
2, 28657
What are the prime factors of 8315?
5, 1663
What are the prime factors of 19313?
7, 31, 89
What are the prime factors of 42?
2, 3, 7
List the prime factors of 4912.
2, 307
What are the prime factors of 32323?
32323
List the prime factors of 6837.
3, 43, 53
What are the prime factors of 10581?
3, 3527
What are the prime factors of 11139?
3, 47, 79
What are the prime factors of 65797?
19, 3463
What are the prime factors of 244?
2, 61
What are the prime factors of 2882?
2, 11, 131
List the prime factors of 153212.
2, 38303
List the prime factors of 398.
2, 199
What are the prime factors of 28163?
28163
What are the prime factors of 421?
421
What are the prime factors of 59824?
2, 3739
What are the prime factors of 38606?
2, 97, 199
List the prime factors of 1259.
1259
What are the prime factors of 400?
2, 5
What are the prime factors of 32467?
32467
What are the prime factors of 1393?
7, 199
List the prime factors of 31042.
2, 11, 17, 83
What are the prime factors of 281?
281
List the prime factors of 32166.
2, 3, 1787
What are the prime factors of 1206?
2, 3, 67
What are the prime factors of 15661?
15661
What are the prime factors of 1715?
5, 7
What are the prime factors of 843?
3, 281
List the prime factors of 145.
5, 29
What are the prime factors of 6950?
2, 5, 139
What are the prime factors of 3329?
3329
What are the prime factors of 117932?
2, 29483
List the prime factors of 20051.
20051
List the prime factors of 810.
2, 3, 5
List the prime factors of 114100.
2, 5, 7, 163
List the prime factors of 382.
2, 191
What are the prime factors of 87?
3, 29
List the prime factors of 18765.
3, 5, 139
What are the prime factors of 4950?
2, 3, 5, 11
What are the prime factors of 2979?
3, 331
What are the prime factors of 20862?
2, 3, 19, 61
List the prime factors of 42.
2, 3, 7
What are the prime factors of 51419?
51419
List the prime factors of 764.
2, 191
What are the prime factors of 108079?
108079
List the prime factors of 67030.
2, 5, 6703
List the prime factors of 61445.
5, 12289
List the prime factors of 12058.
2, 6029
What are the prime factors of 15653?
11, 1423
What are the prime factors of 345?
3, 5, 23
What are the prime factors of 7950?
2, 3, 5, 53
What are the prime factors of 128?
2
List the prime factors of 3362.
2, 41
What are the prime factors of 13933?
13933
What are the prime factors of 1005?
3, 5, 67
What are the prime factors of 2153?
2153
List the prime factors of 1105.
5, 13, 17
List the prime factors of 1389.
3, 463
What are the prime factors of 1033?
1033
List the prime factors of 878.
2, 439
List the prime factors of 44628.
2, 3, 3719
List the prime factors of 4226.
2, 2113
List the prime factors of 84899.
73, 1163
List the prime factors of 11388.
2, 3, 13, 73
List the prime factors of 899.
29, 31
What are the prime factors of 1367?
1367
What are the prime factors of 7228?
2, 13, 139
What are the prime factors of 53028?
2, 3, 491
What are the prime factors of 2457?
3, 7, 13
What are the prime factors of 2198?
2, 7, 157
List the prime factors of 2045.
5, 409
List the prime factors of 18788.
2, 7, 11, 61
What are the prime factors of 48586?
2, 17, 1429
List the prime factors of 39594.
2, 3, 6599
List the prime factors of 4923.
3, 547
List the prime factors of 59639.
23, 2593
What are the prime factors of 54668?
2, 79, 173
What are the prime factors of 61315?
5, 12263
What are the prime factors of 9433?
9433
What are the prime factors of 5328?
2, 3, 37
What are the prime factors of 182?
2, 7, 13
List the prime factors of 24669.
3, 2741
What are the prime factors of 26928?
2, 3, 11, 17
List the prime factors of 884.
2, 13, 17
List the prime factors of 715.
5, 11, 13
What are the prime factors of 117634?
2, 11, 5347
What are the prime factors of 37?
37
List the prime factors of 8527.
8527
What are the prime factors of 1122?
2, 3, 11, 17
List the prime factors of 14198.
2, 31, 229
What are the prime factors of 20768?
2, 11, 59
What are the prime factors of 19329?
3, 17, 379
What are the prime factors of 33844?
2, 8461
List the prime factors of 20735.
5, 11, 13, 29
What are the prime factors of 1668?
2, 3, 139
What are the prime factors of 597?
3, 199
List the prime factors of 27572.
2, 61, 113
List the prime factors of 4054.
2, 2027
What are the prime factors of 12516?
2, 3, 7, 149
What are the prime factors of 130449?
3, 11, 59, 67
What are the prime factors of 111800?
2, 5, 13, 43
What are the prime factors of 2376?
2, 3, 11
What are the prime factors of 65356?
2, 16339
What are the prime factors of 10593?
3, 11, 107
What are the prime factors of 8041?
11, 17, 43
What are the prime factors of 7211?
7211
What are the prime factors of 1637?
1637
What are the prime factors of 1206?
2, 3, 67
List the prime factors of 211.
211
What are the prime factors of 3661?
7, 523
What are the prime factors of 1262?
2, 631
What are the prime factors of 1271?
31, 41
List the prime factors of 2023.
7, 17
What are the prime factors of 4308?
2, 3, 359
List the prime factors of 3573.
3, 397
What are the prime factors of 97978?
2, 48989
List the prime factors of 6575.
5, 263
What are the prime factors of 43514?
2, 21757
List the prime factors of 2994.
2, 3, 499
What are the prime factors of 9140?
2, 5, 457
What are the prime factors of 9851?
9851
What are the prime factors of 147381?
3, 13, 3779
List the prime factors of 4158.
2, 3, 7, 11
What are the prime factors of 15000?
2, 3, 5
What are the prime factors of 902?
2, 11, 41
List the prime factors of 93.
3, 31
List the prime factors of 5537.
7, 113
List the prime factors of 44692.
2, 11173
List the prime factors of 78952.
2, 71, 139
List the prime factors of 12764.
2, 3191
What are the prime factors of 5851?
5851
List the prime factors of 935.
5, 11, 17
List the prime factors of 907.
907
What are the prime factors of 37200?
2, 3, 5, 31
What are the prime factors of 2173?
41, 53
List the prime factors of 6498.
2, 3, 19
What are the prime factors of 8254?
2, 4127
What are the prime factors of 12626?
2, 59, 107
What are the prime factors of 626?
2, 313
What are the prime factors of 84975?
3, 5, 11, 103
List the prime factors of 20.
2, 5
List the prime factors of 154.